{"id":7,"date":"2023-01-14T11:44:40","date_gmt":"2023-01-14T11:44:40","guid":{"rendered":"https:\/\/www.elujooks.net\/2.0\/?page_id=7"},"modified":"2025-05-28T07:11:24","modified_gmt":"2025-05-28T07:11:24","slug":"about","status":"publish","type":"page","link":"https:\/\/www.elujooks.net\/2.0\/","title":{"rendered":"Elujooksust"},"content":{"rendered":"\n<div class=\"wp-block-columns alignwide is-layout-flex wp-container-core-columns-is-layout-28f84493 wp-block-columns-is-layout-flex\">\n<div class=\"wp-block-column is-layout-flow wp-block-column-is-layout-flow\">\n<figure class=\"wp-block-image size-full is-resized\"><img alt=\"\" loading=\"lazy\" decoding=\"async\" width=\"380\" height=\"407\" src=\"https:\/\/www.elujooks.net\/2.0\/wp-content\/uploads\/2023\/01\/allan.png\" alt=\"\" class=\"wp-image-26\" style=\"width:218px;height:233px\" srcset=\"https:\/\/www.elujooks.net\/2.0\/wp-content\/uploads\/2023\/01\/allan.png 380w, https:\/\/www.elujooks.net\/2.0\/wp-content\/uploads\/2023\/01\/allan-280x300.png 280w\" sizes=\"auto, (max-width: 380px) 100vw, 380px\" \/><\/figure>\n\n\n\n<p class=\"has-black-color has-text-color has-medium-font-size\">S\u00fcnnilugu<\/p>\n\n\n\n<p><em><strong>MT\u00dc Elujooks<\/strong><\/em> loodi aastal 2009, mil asutajaliige Kristjan Puusild jooksis \u00fcmber Eesti ja otsustas oma jooksukogemust jagada teiste jooksuhuvilistega. Alates aastast 2010 on toimunud iga-aastaselt kuni 10-p\u00e4evased jooksulaagrid, mille l\u00f5petavaks jooksus\u00fcndmuseks on traditsiooniliselt olnud ka k\u00f5ikidele teistele jooksjatele avatud <em>Estonian Adventure Run (EAR)<\/em>. 2010 toimusid nimetatud s\u00fcndmused Saaremaal ja Hiiumaal, 2011 Hiiumaal, 2012 Viljandimaal, 2013 ja 2014 P\u00e4rnumaal ning 2015 Lahemaal jne. Laager on toimunud peaaegu k\u00f5ikjal \u00fcle Eesti. Lisaks laagritele on \u00fchiselt korraldatud ka siseriiklike ja v\u00e4lismaratonide k\u00fclastusi, r\u00e4nnakuid jalgsimatkana ning ka s\u00fcstaretki. \u00dcrituste spekter on olnud lai: osalenud on alles jooksuharrastusega alustajaid kuni professionaalsete jooksjateni. Laagrid ja <em>EAR<\/em> on olnud osalustasuga \u00fcritused, mis on katnud \u00fcrituse korraldamise kulud.<\/p>\n\n\n\n<p>2013. aastal <em>MISA<\/em> toel korraldatud projekt \u201c<em>Vesiratas<\/em>\u201c oli suunatud noorukite integratsiooni toetamisele ning korraldasime s\u00fcsta ning rattamatka Ida-Virumaal P\u00e4rnumaa, Viimsi ning Ida-Virumaa g\u00fcmnasistidele.<\/p>\n<\/div>\n\n\n\n<div class=\"wp-block-column is-layout-flow wp-block-column-is-layout-flow\">\n<figure class=\"wp-block-image size-full is-resized\"><img alt=\"\" loading=\"lazy\" decoding=\"async\" width=\"475\" height=\"440\" src=\"https:\/\/www.elujooks.net\/2.0\/wp-content\/uploads\/2023\/01\/merike.png\" alt=\"\" class=\"wp-image-27\" style=\"width:253px;height:234px\" srcset=\"https:\/\/www.elujooks.net\/2.0\/wp-content\/uploads\/2023\/01\/merike.png 475w, https:\/\/www.elujooks.net\/2.0\/wp-content\/uploads\/2023\/01\/merike-300x278.png 300w\" sizes=\"auto, (max-width: 475px) 100vw, 475px\" \/><\/figure>\n\n\n\n<p class=\"has-black-color has-text-color has-medium-font-size\">Eesm\u00e4rgid<\/p>\n\n\n\n<p><em><strong>MT\u00dc Elujooks<\/strong><\/em> missiooniks on jooksukultuuri ja -turismi edendamine. Jooksmine aitab meil p\u00fcsida f\u00fc\u00fcsiliselt ja vaimselt tervetena. Jooksmine loob v\u00f5imaluse eneseteostuseks ja terviklikuks arenguks.<\/p>\n\n\n\n<p><em>Elujooks<\/em> seisab kolme suurema eesm\u00e4rgi eest. \u00dcheks p\u00f5hieesm\u00e4rgiks ja tegevuseks on jooksukultuuri&nbsp; ja -turismi p\u00f5him\u00f5tete levitamine jooksuharrastajate seas korraldatava jooksulaagri ning M\u00f5ttetalgutega, millel igal korral on erinev keskne teemaga. N\u00e4iteks 2015. aasta talgud keskendusid Eestis jooksuturismi edendamisele ning jooksmisalasele v\u00f5rgustiku loomisele. Talgutel osales ligi 40 inimest, esindades riiklikke organisatsioone, jooksuharrastajaid, spordiorganisatsioone, haridus- ja turismisektori asutusi, ning koos loodi tugev algatus jooksmisvaldkonna v\u00f5rgustiku toimimisele.<\/p>\n<\/div>\n\n\n\n<div class=\"wp-block-column is-layout-flow wp-block-column-is-layout-flow\">\n<figure class=\"wp-block-image size-full is-resized\"><img alt=\"\" loading=\"lazy\" decoding=\"async\" width=\"442\" height=\"362\" src=\"https:\/\/www.elujooks.net\/2.0\/wp-content\/uploads\/2023\/01\/raivo.png\" alt=\"\" class=\"wp-image-28\" style=\"width:286px;height:233px\" srcset=\"https:\/\/www.elujooks.net\/2.0\/wp-content\/uploads\/2023\/01\/raivo.png 442w, https:\/\/www.elujooks.net\/2.0\/wp-content\/uploads\/2023\/01\/raivo-300x246.png 300w\" sizes=\"auto, (max-width: 442px) 100vw, 442px\" \/><\/figure>\n\n\n\n<p class=\"has-black-color has-text-color has-medium-font-size\">Teenused, tegevused<\/p>\n\n\n\n<p>Elujooksu ambitsiooniks on loovate jooksus\u00fcndmuste ja teenuste pakkumine. K\u00f5ikide \u00fcrituste \u00fchiseks nimetajaks ja meelsuseks on liikumisest vaimse poole avastamine ning teadlik eneseareng. Samuti m\u00f5istliku, tervisliku ja ennasts\u00e4\u00e4stva liikumisharrastuse propageerimine.<\/p>\n\n\n\n<p><em>MT\u00dc<\/em>-sisesed tegevused on suunatud <em>MT\u00dc<\/em> arengule, koolitustele ning uute liikmete v\u00e4rbamisele, et  sisemiselt kasvada ja pakkuda kvaliteetseid teenuseid.<\/p>\n<\/div>\n<\/div>\n","protected":false},"excerpt":{"rendered":"<p>S\u00fcnnilugu MT\u00dc Elujooks loodi aastal 2009, mil asutajaliige Kristjan Puusild jooksis \u00fcmber Eesti ja otsustas oma jooksukogemust jagada teiste jooksuhuvilistega. Alates aastast 2010 on toimunud iga-aastaselt kuni 10-p\u00e4evased jooksulaagrid, mille l\u00f5petavaks jooksus\u00fcndmuseks on traditsiooniliselt olnud ka k\u00f5ikidele teistele jooksjatele avatud Estonian Adventure Run (EAR). 2010 toimusid nimetatud s\u00fcndmused Saaremaal ja Hiiumaal, 2011 Hiiumaal, 2012 Viljandimaal, &hellip; <\/p>\n<p class=\"link-more\"><a href=\"https:\/\/www.elujooks.net\/2.0\/\" class=\"more-link\">Read more<span class=\"screen-reader-text\"> &#8220;Elujooksust&#8221;<\/span><\/a><\/p>\n","protected":false},"author":1,"featured_media":280,"parent":0,"menu_order":0,"comment_status":"closed","ping_status":"closed","template":"","meta":{"_seopress_robots_primary_cat":"","_seopress_titles_title":"","_seopress_titles_desc":"","_seopress_robots_index":"","inspiro_hide_title":false,"footnotes":""},"class_list":["post-7","page","type-page","status-publish","has-post-thumbnail","hentry"],"_links":{"self":[{"href":"https:\/\/www.elujooks.net\/2.0\/wp-json\/wp\/v2\/pages\/7","targetHints":{"allow":["GET"]}}],"collection":[{"href":"https:\/\/www.elujooks.net\/2.0\/wp-json\/wp\/v2\/pages"}],"about":[{"href":"https:\/\/www.elujooks.net\/2.0\/wp-json\/wp\/v2\/types\/page"}],"author":[{"embeddable":true,"href":"https:\/\/www.elujooks.net\/2.0\/wp-json\/wp\/v2\/users\/1"}],"replies":[{"embeddable":true,"href":"https:\/\/www.elujooks.net\/2.0\/wp-json\/wp\/v2\/comments?post=7"}],"version-history":[{"count":7,"href":"https:\/\/www.elujooks.net\/2.0\/wp-json\/wp\/v2\/pages\/7\/revisions"}],"predecessor-version":[{"id":267,"href":"https:\/\/www.elujooks.net\/2.0\/wp-json\/wp\/v2\/pages\/7\/revisions\/267"}],"wp:featuredmedia":[{"embeddable":true,"href":"https:\/\/www.elujooks.net\/2.0\/wp-json\/wp\/v2\/media\/280"}],"wp:attachment":[{"href":"https:\/\/www.elujooks.net\/2.0\/wp-json\/wp\/v2\/media?parent=7"}],"curies":[{"name":"wp","href":"https:\/\/api.w.org\/{rel}","templated":true}]}}